+ 66*t - 37. What is r(-8)?
-501
Let l(p) = 2*p**2 + 42*p + 46. Calculate l(-19).
-30
Let l(w) = -8*w + 625. Calculate l(77).
9
Let l(x) = -2821*x - 8420. Calculate l(-3).
43
Let t(l) = -l**2 - 51*l - 640. Determine t(-28).
4
Let p(t) = t**2 + 110*t - 940. Determine p(8).
4
Let h(z) = -z**2 + 10*z + 373. Calculate h(25).
-2
Let f(o) = o**2 + 50*o - 1029. Determine f(-60).
-429
Let t(k) = -113*k + 2712. Give t(24).
0
Let h(y) = -y**3 + 36*y**2 - 261*y - 340. What is h(25)?
10
Let a(g) = -4*g + 13. Give a(12).
-35
Let l(r) = -4*r**3 - 24*r**2 - 584*r - 3501. What is l(-6)?
3
Let h(f) = -3*f**3 - 375*f**2 + 378*f - 14. What is h(-126)?
-14
Let i(x) = x**2 + 67*x - 4279. Give i(40).
1
Let u(v) = -v**3 + 6*v**2 - 29*v + 163. Calculate u(8).
-197
Let i(x) = -465*x - 7941. Determine i(-17).
-36
Let r(s) = s**3 + 24*s**2 - 71*s - 174. Calculate r(-26).
320
Let r(n) = 38*n**3 - 5321*n**2 + 139*n + 143. Calculate r(140).
3
Let t(x) = -x**3 + 11*x**2 - 18*x - 44. What is t(8)?
4
Let b(f) = -772*f - 10794. Give b(-14).
14
Let k(l) = -4*l**2 - 62*l - 183. Calculate k(-12).
-15
Let h(y) = -y**3 - 32*y**2 - 54*y + 180. What is h(-30)?
0
Let g(d) = -d**3 + 10*d**2 - 26*d + 34. Determine g(7).
-1
Let v(l) = -27*l**3 + 188*l**2 - l + 41. Give v(7).
-15
Let c(n) = -5*n**2 + 25*n + 55. Give c(-7).
-365
Let m(y) = -y**2 - 40*y - 350. Determine m(-13).
1
Let f(r) = -r + 205. Give f(211).
-6
Let o(n) = -1996*n + 7984. Determine o(4).
0
Let x(w) = -2*w**3 - 27*w**2 - 45*w + 50. Give x(-3).
-4
Let q(j) = -1653*j - 3328. What is q(-2)?
-22
Let w(v) = v**2 + 6*v + 76. Calculate w(-14).
188
Let a(q) = -121*q + 1003. What is a(8)?
35
Let r(a) = 13*a - 1260. Calculate r(97).
1
Let u(r) = 44*r - 85. Calculate u(2).
3
Let h(s) = 18*s + 186. Calculate h(-13).
-48
Let n(p) = -3528*p + 74054. Determine n(21).
-34
Let c(m) = -2*m**3 + 36*m**2 + 290*m - 18. Calculate c(24).
30
Let b(p) = -9*p**3 + 480*p**2 + 319*p + 268. Calculate b(54).
-2
Let d(b) = 4*b**2 - 38*b - 301. What is d(-5)?
-11
Let q(s) = -s**3 - 9*s**2 - 5*s - 519. Calculate q(-12).
-27
Let i(o) = -217*o + 15586. Calculate i(72).
-38
Let j(b) = -36*b - 464. Give j(-10).
-104
Let v(z) = 15*z + 1677. What is v(-112)?
-3
Let q(z) = z**2 + 4*z - 553. Give q(-26).
19
Let r(x) = -187*x + 738. What is r(4)?
-10
Let l(n) = -286*n + 292. What is l(1)?
6
Let f(o) = 754*o + 6039. Give f(-8).
7
Let u(x) = -22*x - 228. Give u(-11).
14
Let n(f) = -f**3 + 23*f**2 - 9*f - 40. Determine n(23).
-247
Let s(t) = t**2 + 39*t - 260. Determine s(6).
10
Let q(r) = -r**2 + 92*r - 814. Determine q(10).
6
Let u(w) = -2*w**3 - 31*w**2 + 72*w + 110. What is u(-18)?
434
Let c(f) = -152*f + 1149. Give c(8).
-67
Let s(x) = 939*x + 5766. Give s(-6).
132
Let f(t) = 17*t + 142. Calculate f(-14).
-96
Let i(y) = -2*y**3 + 14*y**2 - 9*y + 2. Determine i(7).
-61
Let b(i) = -i**3 - 98*i**2 + 693*i - 4402. Give b(-105).
8
Let x(a) = a**2 - 297*a - 1759. Determine x(-6).
59
Let s(a) = a**3 + a**2 - 12*a + 7. Give s(-7).
-203
Let j(c) = -29*c**3 - 5*c - 11. Give j(-2).
231
Let r(h) = 95*h - 699. Determine r(7).
-34
Let u(t) = -t**3 - 8*t**2 - 6*t + 18. Determine u(-7).
11
Let m(t) = -2*t**3 - 274*t**2 - 28*t - 3844. Give m(-137).
-8
Let p(z) = -6*z + 257. Give p(43).
-1
Let q(n) = 58*n**3 + 50*n**2 - 48*n - 1. Give q(1).
59
Let k(r) = 17*r + 1382. What is k(-93)?
-199
Let r(a) = -a**3 - 808*a**2 + 9006*a + 28. Calculate r(11).
-5
Let j(t) = 44*t - 4662. Determine j(106).
2
Let t(z) = z**3 - 36*z**2 - 104*z + 987. Determine t(38).
-77
Let j(d) = 923*d + 12. What is j(0)?
12
Let f(v) = -v**2 + 37*v - 131. Give f(4).
1
Let f(a) = -714*a + 5546. Determine f(8).
-166
Let a(j) = 2660*j + 10650. Determine a(-4).
10
Let a(s) = 48*s**2 + 16*s + 41. What is a(-3)?
425
Let v(r) = -r**3 + 20*r**2 + 854*r + 279. Give v(41).
-8
Let b(t) = -2*t**2 + 1998*t - 5981. What is b(3)?
-5
Let x(i) = -4*i**3 + 445*i**2 - 112*i + 99. Calculate x(111).
-12
Let z(v) = -2*v**3 - 29*v**2 - 36*v + 47. Give z(-13).
8
Let n(y) = 637*y - 4320. What is n(7)?
139
Let s(u) = 3*u + 181. What is s(-61)?
-2
Let d(r) = 6*r**2 + 81*r - 230. What is d(3)?
67
Let z(d) = 32*d + 1297. Give z(-45).
-143
Let w(d) = -11*d**2 - 218*d - 621. Give w(-16).
51
Let a(c) = c**3 - 12*c**2 + 21*c + 8. Give a(6).
-82
Let a(y) = -2*y**2 + 50*y + 1432. Determine a(-17).
4
Let j(x) = -x**2 + 38*x - 289. Determine j(24).
47
Let p(q) = 30*q - 1113. Give p(37).
-3
Let y(z) = -z**3 - 6*z**2 + 28*z + 46. Calculate y(4).
-2
Let i(n) = -2389*n - 28676. Give i(-12).
-8
Let q(d) = d**2 + 44*d + 79. Determine q(-37).
-180
Let t(o) = 19*o**2 + 1520*o + 3. Determine t(-80).
3
Let g(k) = 265*k + 11626. Determine g(-44).
-34
Let q(d) = -22*d**2 - 19*d + 3. What is q(-4)?
-273
Let o(u) = -u**2 + 63*u - 612. What is o(13)?
38
Let l(r) = -7*r - 307. What is l(-48)?
29
Let k(i) = i**3 - 77*i**2 + 33*i - 2544. What is k(77)?
-3
Let n(p) = 45*p - 4987. Give n(110).
-37
Let t(l) = l**2 + 45*l + 109. Determine t(-43).
23
Let p(w) = -13*w - 20. What is p(-11)?
123
Let m(v) = 44*v - 153. Determine m(3).
-21
Let y(z) = -648*z - 7781. Give y(-12).
-5
Let u(o) = -o**2 - 3*o + 136. Calculate u(-11).
48
Let p(d) = -d**3 - 13*d**2 - 43*d - 363. Determine p(-12).
9
Let q(t) = t**3 + 161*t**2 - 327*t - 187. Give q(-163).
-24
Let u(b) = -18*b + 876. Calculate u(43).
102
Let c(p) = -87*p - 1188. Calculate c(-14).
30
Let w(q) = 28*q - 1644. Calculate w(58).
-20
Let q(p) = 3*p**3 + 60*p**2 - 11*p - 235. Calculate q(-20).
-15
Let w(d) = 110*d + 1319. Calculate w(-12).
-1
Let g(q) = -3*q**3 - 91*q**2 + 52*q - 305. What is g(-31)?
5
Let r(d) = -2*d**2 + 10*d + 6. Give r(7).
-22
Let y(t) = -603*t + 6037. Give y(10).
7
Let p(j) = 2*j**3 + j + 1. Give p(-3).
-56
Let a(r) = 65*r + 1371. Calculate a(-21).
6
Let a(s) = -s**3 - 49*s**2 - 118*s + 920. Calculate a(-46).
0
Let x(d) = 405*d**2 + 721*d + 1. Give x(-2).
179
Let l(r) = -263*r - 1298. Give l(-5).
17
Let r(k) = -377*k**2 - 2263*k + 5. Give r(-6).
11
Let x(l) = -2*l**2 + 89*l + 1715. Calculate x(59).
4
Let w(y) = 2*y**3 + 148*y**2 + 124*y - 1603. Give w(-73).
3
Let x(f) = 17*f**2 - 41*f - 13. What is x(3)?
17
Let h(g) = 143*g - 678. Calculate h(4).
-106
Let r(f) = 4*f - 50. Calculate r(-6).
-74
Let s(u) = -u**3 - 6*u**2 - 27*u - 208. What is s(-7)?
30
Let d(w) = 82*w + 1251. Give d(-15).
21
Let a(z) = -5*z**2 - 24*z - 74. Give a(-3).
-47
Let h(r) = -4*r + 73. Determine h(10).
33
Let z(l) = -2261*l + 18090. Determine z(8).
2
Let l(i) = -i**3 + 4*i**2 - 2*i + 7. Determine l(4).
-1
Let w(x) = x**3 - 20*x**2 + 103*x - 5. Give w(12).
79
Let v(r) = -563*r**2 + 84*r - 82. Determine v(1).
-561
Let g(p) = -985*p + 1972. What is g(2)?
2
Let a(c) = 2*c**3 + 14*c**2 + 11*c - 2. Determine a(-7).
-79
Let m(g) = 2*g**3 - 8*g**2 - 8*g + 13. Give m(6).
109
Let p(q) = -339*q + 9834. What is p(29)?
3
Let t(z) = -2*z**2 - 342*z + 2061. What is t(6)?
-63
Let w(n) = 50*n - 1649. Give w(33).
1
Let v(c) = 3*c + 593. Give v(-196).
5
Let k(p) = p**3 + 97*p**2 + 869*p - 76. What is k(-87)?
11
Let b(m) = 22*m + 85. Determine b(-4).
-3
Let a(q) = -50*q**2 - 750*q - 35. Give a(-15).
-35
Let p(s) = s**3 + 7*s**2 + 23. Determine p(-8).
-41
Let b(j) = j**3 + 6*j**2 - 25*j - 90. What is b(-7)?
36
Let g(d) = 41*d - 716. Give g(19).
63
Let l(y) = 18*y - 65. Calculate l(4).
7
Let u(h) = 53*h**3 + 2*h**2 - 2*h. Determine u(1).
53
Let a(b) = 1695*b - 6779. Calculate a(4).
1
Let x(u) = -2*u**2 + 41*u + 104. Determine x(-3).
-37
Let z(u) = -u**3 + 16*u**2 + 529*u - 8693. Determine z(17).
11
Let r(i) = -i**3 - 9*i**2 - i + 30. What is r(-5)?
-65
Let o(q) = -q**3 - 6*q**2 + 32*q - 16. Determine o(3).
-1
Let a(u) = 336*u**2 + 2. Calculate a(-1).
338
Let k(j) = -j**2 + 52*j + 79. Give k(54).
-29
Let n(l) = l**2 - 55*l - 197. Determine n(56).
-141
Let g(n) = 10*n**2 + 134*n - 174. Calculate g(-14).
-90
Let c(d) = 8*d**2 + 202*d - 118. What is c(-26)?
38
Let j(d) = d**3 + 5*d**2 - 171*d - 635. What is j(-14)?
-5
Let p(v) = 21*v - 10. What is p(0)?
-10
Let a(o) = 35*o - 27. Calculate a(-2).
-97
Let b(z) = -z**3 - 66*z**2 + 670*z - 381. Give b(-75).
-6
Let g(w) = 18*w**2 - 100*w + 9. What is g(5)?
-41
Let h(a) = -822*a + 9870. Determine h(12).
6
Let k(r) = 41*r + 747. Determine k(-18).
9
Let o(a) = -11*a**2 + 483*a + 114. Give o(44).
70
Let j(m) = m